alse
Is 4420364161 a prime number?
True
Is 393952739 prime?
True
Is 525505291 prime?
True
Is 12989931215 prime?
False
Is 32664834049 prime?
True
Is 262884679 prime?
True
Is 64545936197 prime?
True
Is 7322987407 composite?
False
Is 32008519351 a prime number?
True
Is 62836153 a composite number?
False
Is 12826605377 a composite number?
True
Is 2643191093 a composite number?
True
Is 7478291803 prime?
False
Is 118762868857 prime?
True
Is 464529293 a prime number?
False
Is 931260887 prime?
False
Is 946908379 a prime number?
True
Is 44484639473 a composite number?
False
Is 58935895267 a composite number?
True
Is 75555481 prime?
False
Is 78288127 a prime number?
False
Is 3697402871 composite?
False
Is 43456890911 composite?
True
Is 163912719 composite?
True
Is 2806168373 prime?
True
Is 369275537 a prime number?
False
Is 54037229 a prime number?
True
Is 38702933 prime?
False
Is 147029615183 prime?
False
Is 73516688549 composite?
True
Is 748392553 composite?
False
Is 2589439969 a composite number?
False
Is 352509583 prime?
True
Is 36362621234 a composite number?
True
Is 6080986363 prime?
True
Is 7999989031 prime?
True
Is 25987433 prime?
False
Is 21878499289 prime?
True
Is 1022073571 a prime number?
False
Is 162899123 composite?
True
Is 57849031 a composite number?
True
Is 69515879 a prime number?
False
Is 3537440063 prime?
True
Is 2264394189 prime?
False
Is 5190171533 a composite number?
False
Is 14777438177 composite?
True
Is 129402446945 a composite number?
True
Is 25168734251 composite?
False
Is 3953426377 a composite number?
True
Is 2995349438 prime?
False
Is 3366787987 a composite number?
False
Is 76475564197 a prime number?
True
Is 12531332953 composite?
False
Is 10211376067 composite?
False
Is 896563559 prime?
True
Is 3215664545 composite?
True
Is 2745650699 a composite number?
True
Is 239995339 a composite number?
True
Is 165617653 a composite number?
True
Is 6455020129 a prime number?
False
Is 974997671 prime?
False
Is 9746460803 prime?
True
Is 21909117431 prime?
True
Is 2648152079 prime?
True
Is 7043387587 a composite number?
False
Is 34650896003 composite?
True
Is 20911771021 prime?
False
Is 5139541661 prime?
False
Is 1363887722 a prime number?
False
Is 1074531883 composite?
False
Is 2512514041 a composite number?
False
Is 231429283 composite?
True
Is 1686163847 a prime number?
True
Is 59514216331 prime?
False
Is 666707677 a prime number?
True
Is 3837799001 a composite number?
False
Is 85862063341 a prime number?
False
Is 629986157 a composite number?
True
Is 287209789 prime?
True
Is 532483729 prime?
False
Is 1439074331 composite?
True
Is 49651196071 a composite number?
False
Is 281050765 composite?
True
Is 63464386061 prime?
False
Is 868700977 a prime number?
True
Is 1018150483 prime?
False
Is 1035115409 composite?
False
Is 12898338367 prime?
True
Is 279999857 a composite number?
False
Is 7028029669 composite?
True
Is 52204573 prime?
True
Is 5019573113 a prime number?
False
Is 90757231 prime?
False
Is 139284217 prime?
True
Is 7844771323 a prime number?
True
Is 28116869107 composite?
True
Is 14220900515 prime?
False
Is 30622753367 a prime number?
True
Is 379864165587 prime?
False
Is 85010710353 composite?
True
Is 1809047519 composite?
False
Is 293125757 a prime number?
True
Is 502257043 a composite number?
False
Is 27756085717 a composite number?
True
Is 125637503 composite?
True
Is 369818819 composite?
False
Is 1497961471 a prime number?
True
Is 2014991591 composite?
True
Is 38788436707 prime?
True
Is 8731172903 a prime number?
False
Is 14897175569 composite?
True
Is 7862110547 prime?
False
Is 9811464433 composite?
False
Is 81238033 composite?
True
Is 5748864883 composite?
True
Is 23214217811 a prime number?
True
Is 8174123401 prime?
True
Is 11623038743 composite?
False
Is 84629147599 prime?
True
Is 7850805341 composite?
False
Is 2476756063 a composite number?
False
Is 3926824637 prime?
False
Is 13805016454 composite?
True
Is 19294513493 a composite number?
True
Is 4354835603 prime?
True
Is 5700789119 a prime number?
False
Is 1389802399 composite?
True
Is 277405397 a prime number?
True
Is 6227969597 composite?
False
Is 85429903987 prime?
True
Is 1818368157 prime?
False
Is 1126733299 prime?
True
Is 103307306959 a composite number?
False
Is 2062517087 a prime number?
True
Is 114437377645 a composite number?
True
Is 21669416233 a composite number?
False
Is 1010160223 prime?
False
Is 15436189 a composite number?
True
Is 3033819907 a composite number?
True
Is 4523277127 composite?
False
Is 817959551 composite?
True
Is 11040404447 a composite number?
False
Is 6878234803 prime?
False
Is 588632263 composite?
True
Is 10186782913 prime?
True
Is 4994601305 a composite number?
True
Is 5975538109 a prime number?
False
Is 17776663 prime?
True
Is 1062826957 prime?
False
Is 471701677 composite?
False
Is 217408957 a composite number?
False
Is 57217914931 a prime number?
True
Is 3550721771 composite?
False
Is 2758711019 prime?
True
Is 23609624627 composite?
False
Is 1990492211 a prime number?
False
Is 35984567 a prime number?
False
Is 9593951881 a composite number?
False
Is 106416708859 composite?
True
Is 686123593 a composite number?
False
Is 42388961 a prime number?
False
Is 108395612285 composite?
True
Is 1473331097 composite?
True
Is 46234623607 a composite number?
False
Is 1077357143 a prime number?
True
Is 82944685909 a prime number?
True
Is 76609380487 prime?
True
Is 333051979829 composite?
False
Is 25466489947 a composite number?
True
Is 14357585507 prime?
False
Is 43978723829 a prime number?
False
Is 36889057 a prime number?
True
Is 1227215051 prime?
True
Is 12567420365 prime?
False
Is 41737047343 composite?
False
Is 429173441 a composite number?
False
Is 293030161 a prime number?
True
Is 24798515387 a prime number?
True
Is 63315727799 prime?
True
Is 177340041902 a prime number?
False
Is 186552869 a prime number?
True
Is 59770952611 prime?
False
Is 5150855947 a prime number?
False
Is 9303876247 a prime number?
True
Is 8707652323 a composite number?
False
Is 410177017 a composite number?
True
Is 398073935339 a prime number?
True
Is 5800208833 a prime number?
False
Is 2353679297 composite?
False
Is 110457053039 prime?
False
Is 124318573 prime?
True
Is 91500145357 composite?
False
Is 324736855163 a composite number?
True
Is 161060723 prime?
False
Is 1400174287 composite?
True
Is 26498599707 composite?
True
Is 7891799441 composite?
False
Is 106560051707 a prime number?
True
Is 9263649289 prime?
False
Is 1207305805 composite?
True
Is 2190603721 a composite number?
True
Is 1152066287 a composite number?
True
Is 4399031699 prime?
True
Is 184036561 prime?
False
Is 411819377 prime?
True
Is 334188047 composite?
False
Is 1467298309 a prime number?
True
Is 1349644451 a composite number?
False
Is 115863154259 prime?
False
Is 4135099313 a composite number?
False
Is 46338307 a composite number?
True
Is 22759769 composite?
False
Is 90636173 composite?
False
Is 1035053191 composite?
False
Is 1436469091 composite?
False
Is 218921426 a prime number?
False
Is 19334428027 prime?
True
Is 710467063 a composite number?
True
Is 2885779087 a prime number?
False
Is 39859320821 a composite number?
True
Is 36640900117 a composite number?
True
Is 122695687 a prime number?
False
Is 18704900779 a composite number?
False
Is 1439233589 a prime number?
True
Is 13050601129 a composite number?
True
Is 108611141 prime?
True
Is 963637993 a prime number?
True
Is 3928578521 composite?
True
Is 3021531745 a prime number?
False
Is 8841017639 a composite number?
True
Is 12998053153 prime?
False
Is 2179621267 composite?
True
Is 26371970047 prime?
False
Is 114572795979 composite?
True
Is 797977969 a prime number?
False
Is 64596766627 composite?
False
Is 28568897267 a composite number?
True
Is 16040061937 prime?
True
Is 1209138461 a composite number?
True
Is 4304683897 a composite number?
False
Is 984103489 a composite number?
True
Is 7589268491 prime?
False
Is 1679700973 prime?
True
Is 456638783 a prime number?
True
Is 8357583235 a prime number?
False
Is 1370297057 prime?
False
Is 157394603 a prime number?
False
Is 91121443 a prime number?
False
Is 444388735559 prime?
False
Is 545275189 composite?
False
Is 18383626691 prime?
False
Is 37298280703 composite?
False
Is 34861398307 a prime numb